 = -5*w + 10042. Calculate the remainder when w is divided by 63.
57
Let t(d) = -21*d - 431. What is the remainder when 9826 is divided by t(-22)?
30
Suppose 0*u - u = 4*b - 813, -5*u + 25 = 0. Calculate the remainder when b is divided by (-2 - -1)*(-31)/((-341)/(-374)).
32
Let v = -7893 - -17217. Suppose 8*g - v = -10*g. What is the remainder when g is divided by 87?
83
Suppose -10*x = -1617 + 367. Let m = 27 - -5. Calculate the remainder when x is divided by m.
29
Let j = -25 + 30. Suppose -j*r + 0*z + 5*z + 90 = 0, 5*r = -z + 108. Calculate the remainder when 113 is divided by -4 - (584/(-14) - 6/r).
37
Suppose 5*a = 6*a - u + 2, 6 = -a + 5*u. Calculate the remainder when (21 - 16)*(a - -2) is divided by 4.
1
Calculate the remainder when 340 is divided by ((-1057)/(-28))/(19/76).
38
Suppose -10*k - 1572 = -16*k. Let y = -110 + k. Suppose 13 = 5*h - y. Calculate the remainder when 130 is divided by h.
31
Suppose 13*w + 141 = 14*w + 3*u, 0 = -2*w - 2*u + 226. Let v = 10 - 6. Let k = v + 13. Calculate the remainder when w is divided by k.
14
Let p(w) be the second derivative of 4*w - 1/12*w**4 - 4*w**2 + 0 + 3/2*w**3. Calculate the remainder when 29 is divided by p(6).
9
Let k(i) = 3*i**3 + 240*i**2 + 171*i + 269. What is the remainder when 16451 is divided by k(-79)?
2
What is the remainder when (179476/176)/((2/(-60))/(2/(-5))) is divided by 15?
12
Suppose -5*z = d - 49, -3*z + 2*d + 3*d + 35 = 0. Suppose b - 16 = -w, 5*w + 80 = z*w - b. What is the remainder when 47 is divided by w?
15
Suppose 3*s = 15, -5*s + 20 = -4*t - s. Let p(z) = -z**2 - z + 45. Suppose 8*a = -40*a + 3045 - 2277. What is the remainder when p(t) is divided by a?
13
Calculate the remainder when 273415/367 - (-1)/(1 + 0) is divided by 4.
2
Suppose 2*n + 2*n - 3170 = 2*n. What is the remainder when n is divided by 3?
1
Let h(p) = -p**2 - 9*p + 30. Let n(g) = g**3 + 2*g - 8. Let o be n(0). Suppose -748 = -0*w - 4*w. What is the remainder when w is divided by h(o)?
35
Suppose 7*h - 659 = -113. Calculate the remainder when 773 is divided by h.
71
Suppose 2*r - 238 = -m + 3*m, 0 = -3*r. Let u = m - -149. Calculate the remainder when 38 is divided by u.
8
Calculate the remainder when 1812 is divided by 7/(-21) + (-212)/(-6) + -2.
30
Let t = -155 - -240. Suppose -87*x + 82*x + t = 0. What is the remainder when x is divided by 7?
3
Let o(m) = -3*m**3 - 2*m**2 + m + 2. Suppose 3*t = 4*d - 29, -4*d - 5*t + 25 = -12. Calculate the remainder when o(-3) is divided by d.
6
Suppose 0 = -92*r + 477 + 862 + 685. Calculate the remainder when 77 is divided by r.
11
Suppose 8*k = 7606 + 19519 + 3827. What is the remainder when k is divided by 7?
5
Let g(s) be the second derivative of 1/20*s**5 - 9/2*s**2 + 0 - 11/12*s**4 + 7/6*s**3 - 10*s. What is the remainder when g(11) is divided by 23?
22
Suppose -v + 3*x = -12, 4*v + 5*x - 23 + 9 = 0. Let g be (2/4)/(7/(5 - -37)). What is the remainder when g/(5/(-5)*1/(-7)) is divided by v?
3
Let a(l) = 18*l - 21. Let x be a(5). Let f = -56 + x. Calculate the remainder when 14 is divided by (-18)/(-117) + 89/f.
0
Let x(g) = -6*g + 65. Let t be x(10). Suppose -3*f + 1783 = -2*p, t*f + 4*p - 2957 = -0*p. Calculate the remainder when f is divided by 17.
15
Suppose -5*a - 17 = -4*f, -f + 20 = 74*a - 70*a. What is the remainder when f is divided by 6?
2
Let l = 63 - 63. Suppose -66*y + 68*y - 42 = l. What is the remainder when y is divided by 2?
1
Let l(g) = -25*g + 79. Let v be l(3). What is the remainder when 6 is divided by (-686)/(-238) - v/(-34)?
0
Let c(o) = 33*o + 43. Suppose -2*n = -3*m - 37, n + 67 = 3*n + 3*m. What is the remainder when n is divided by c(-1)?
6
Let t(z) = z**3 - 7*z**2 + 11*z - 2. Suppose 2*d - 7*d = -15. Let p be (1 - d - -3)/((-2)/(-10)). What is the remainder when 5 is divided by t(p)?
2
Let b = 57 - 49. Let s(x) = 6*x**2 - 1 + x**2 + 2*x**2 + 3*x + 0. Calculate the remainder when s(-2) is divided by b.
5
Let v(s) = 319*s + 2192. Calculate the remainder when v(7) is divided by 41.
38
Suppose 2*f = -4*k + 184, 0 = -5*f + 2*f - 3*k + 291. Calculate the remainder when 155 is divided by f.
53
Suppose 204*z = 205*z - 872. Suppose 4*f + 4*q = q + 864, -4*f - q + z = 0. Calculate the remainder when f is divided by 13.
11
Let c(j) = -3783 - 6*j + 2*j + 3785 - j**2. Let s be c(-9). Let u = 58 + s. What is the remainder when u is divided by 7?
1
Let n(o) = 86*o**2 - 2*o - 1. Suppose -85 = 5*s - 2*k, -6*k = 2*s - 7*k + 33. Calculate the remainder when n(-1) is divided by 6 + (21/(-3) - s).
15
Let s = -9 - -16. Let h(j) be the second derivative of j**4/3 + 2*j**3/3 + 3*j**2/2 + 7*j. What is the remainder when h(-2) is divided by s?
4
Let n be 346/(-4)*(-3 - (-14 - -7)). Let k = n - -379. Calculate the remainder when 126 is divided by k.
27
Suppose i + 2 = 5*x, -30*i + 35*i - 110 = -5*x. Suppose -570 = -i*z - 20*z. What is the remainder when 56 is divided by z?
11
Let s(w) = 20*w - 3. Let l be s(4). Let r = 3535 - 3596. Let b = l + r. What is the remainder when 61 is divided by b?
13
Suppose -22*d + 4284 = -15*d. Let i = d + -519. What is the remainder when i is divided by 26?
15
Let u = -12714 + 15106. Calculate the remainder when u is divided by 57.
55
Let v be (-4)/(-1) + -3*148/(-12). Suppose 0 = -5*d + 3*u + v, d - u = -6*u + 25. Calculate the remainder when d is divided by 6.
4
Suppose -5*g + 98 = -4*n, -4*n + n - 24 = -g. Let r(l) = -l**2 + 17*l + 48. Calculate the remainder when 55 is divided by r(g).
25
Calculate the remainder when 264 is divided by 617/(-4)*-1 - (-364)/208.
108
Calculate the remainder when 211 is divided by (2 + 1 - 4/(-11 + 7))*10.
11
Suppose 122084 = -304*b + 377444. Calculate the remainder when b is divided by 280.
0
Let d(f) = -2*f**2 + 15*f + 16. Let m be ((-30)/(-4))/((-18)/(-24)). Let q be d(m). Let v = q + 39. What is the remainder when 13 is divided by v?
3
Let r = -190 - -206. Suppose 6*s - 152 = 82. Let p = 21 + s. Calculate the remainder when p is divided by r.
12
Let l(c) = 5*c**2 + 21*c - 39. Let x(a) = -2*a**2 - 11*a + 19. Let j(n) = -3*l(n) - 7*x(n). Calculate the remainder when j(11) is divided by 13.
4
Suppose -4*n + 368 = 4*t, -2756*n + 5*t = -2760*n + 365. What is the remainder when 278 is divided by n?
88
Suppose 0 = -12*v - 34241 + 92981. Calculate the remainder when v is divided by 31.
28
Suppose 0 = -2*a + 2*d + 326, 4*a - 5*d = -0*d + 648. Suppose 9*h + 3*h = 12. What is the remainder when a is divided by h/((-145)/(-140) - 1)?
27
Let w = 42 - 37. Suppose 3*q - 4*b - 48 + 15 = 0, 2*q - w*b = 29. Suppose 71 = 2*m - 23. Calculate the remainder when m is divided by q.
5
Suppose -5*a = -2*d - 0*d - 66, 4*d + 96 = a. Let v(s) = -6*s + 40. Calculate the remainder when v(d) is divided by 19.
7
Let o = -6 + 7. Let x be ((3 + -4)*1)/o. What is the remainder when 62 is divided by x*(4*-5 - -4)?
14
Let r = -2044 - -3375. Calculate the remainder when r is divided by 31.
29
Let x(r) be the first derivative of -38*r**2 + r**3 + 38*r**2 + 18 + 3*r. What is the remainder when 88 is divided by x(2)?
13
Let d be 4/10 - 4536/(-35). Let b = -19 + d. Let r = b - 41. Calculate the remainder when r is divided by 18.
16
Let y(t) = 12*t + 195. Let l be y(-16). Suppose -2*a = l*d - 271, d - 204 + 92 = -5*a. Calculate the remainder when d is divided by 18.
15
Let s = -761 + 1142. Let t = -349 + s. What is the remainder when 117 is divided by t?
21
What is the remainder when 295 is divided by 79 - 29 - 12/2?
31
Suppose -1148 - 40 = -4*k - 4*j, -4*k + 4*j = -1140. Calculate the remainder when k is divided by 51.
36
Let d be ((-120)/(-7))/((-5)/(-35)). Suppose -d*p = -121*p + 60. What is the remainder when p is divided by 21?
18
Suppose -2*k = -2*a - 12 - 4, 0 = -4*k + a + 17. Suppose 62 - 8 = k*z. Let o(g) = -15*g + 8. Calculate the remainder when o(-3) is divided by z.
17
Calculate the remainder when 13 + 820 + (-189)/21 is divided by 23.
19
Suppose 28 - 4 = 2*g. Let d(z) = -7*z - 8. Suppose 44 = -2*p + 18. What is the remainder when d(p) is divided by g?
11
What is the remainder when 319 is divided by (33/2)/(30/200)?
99
What is the remainder when (740790/225 - (-14)/(-10)) + (-11 - -5) is divided by 94?
89
Suppose -4*f - 141 = 4*h - 209, -3*f = 4*h - 66. What is the remainder when 1649 is divided by h?
14
Let